{"id":260,"date":"2023-05-07T23:50:50","date_gmt":"2023-05-07T21:50:50","guid":{"rendered":"http:\/\/verschuetteten.aichingerhaus.at\/?page_id=260"},"modified":"2023-05-07T23:50:50","modified_gmt":"2023-05-07T21:50:50","slug":"zum-haus","status":"publish","type":"page","link":"http:\/\/verschuetteten.aichingerhaus.at\/?page_id=260","title":{"rendered":"Zum Haus"},"content":{"rendered":"<p dir=\"ltr\">Das Ilse-Aichinger-Haus, das Literaturhaus ohne Mauern und voller Begeisterung f\u00fcr das Ungewohnte, wurde 2015 als gemeinn\u00fctziger Verein von einigen Aichinger Aficionados, Hobby-Friseuren und mutma\u00dflichen Matrosen gegr\u00fcndet, denn auch Alternativen brauchen ihre Architekten. Auch Alternativen brauchen ihre Alternativen. Auch Alternativen brauchen ihre Aichitekten. Auch Alternativen braichen ihre Alternativen. Auch Alternativen braichen ihre Aichitekten. Auch Aichitekten rauchen ihre Alternativen<\/p>\n<p dir=\"ltr\">Aufgrund technischer St\u00f6rungen ist die urspr\u00fcngliche Website nicht erreichbar. Wir arbeiten an Alternativen<\/p>\n","protected":false},"excerpt":{"rendered":"<p>Das Ilse-Aichinger-Haus, das Literaturhaus ohne Mauern und voller Begeisterung f\u00fcr das Ungewohnte, wurde 2015 als gemeinn\u00fctziger Verein von einigen Aichinger Aficionados, Hobby-Friseuren und mutma\u00dflichen Matrosen gegr\u00fcndet, denn auch Alternativen brauchen ihre Architekten. Auch Alternativen brauchen ihre Alternativen. Auch Alternativen brauchen ihre Aichitekten. Auch Alternativen braichen ihre Alternativen. Auch Alternativen braichen ihre Aichitekten. Auch Aichitekten rauchen &hellip; <a href=\"http:\/\/verschuetteten.aichingerhaus.at\/?page_id=260\" class=\"more-link\"><span class=\"screen-reader-text\">Zum Haus<\/span> weiterlesen<\/a><\/p>\n","protected":false},"author":1,"featured_media":0,"parent":0,"menu_order":0,"comment_status":"closed","ping_status":"closed","template":"","meta":[],"_links":{"self":[{"href":"http:\/\/verschuetteten.aichingerhaus.at\/index.php?rest_route=\/wp\/v2\/pages\/260"}],"collection":[{"href":"http:\/\/verschuetteten.aichingerhaus.at\/index.php?rest_route=\/wp\/v2\/pages"}],"about":[{"href":"http:\/\/verschuetteten.aichingerhaus.at\/index.php?rest_route=\/wp\/v2\/types\/page"}],"author":[{"embeddable":true,"href":"http:\/\/verschuetteten.aichingerhaus.at\/index.php?rest_route=\/wp\/v2\/users\/1"}],"replies":[{"embeddable":true,"href":"http:\/\/verschuetteten.aichingerhaus.at\/index.php?rest_route=%2Fwp%2Fv2%2Fcomments&post=260"}],"version-history":[{"count":2,"href":"http:\/\/verschuetteten.aichingerhaus.at\/index.php?rest_route=\/wp\/v2\/pages\/260\/revisions"}],"predecessor-version":[{"id":262,"href":"http:\/\/verschuetteten.aichingerhaus.at\/index.php?rest_route=\/wp\/v2\/pages\/260\/revisions\/262"}],"wp:attachment":[{"href":"http:\/\/verschuetteten.aichingerhaus.at\/index.php?rest_route=%2Fwp%2Fv2%2Fmedia&parent=260"}],"curies":[{"name":"wp","href":"https:\/\/api.w.org\/{rel}","templated":true}]}}